{"id":26,"date":"2014-04-08T17:54:26","date_gmt":"2014-04-08T17:54:26","guid":{"rendered":"http:\/\/14aug.dk\/?page_id=26"},"modified":"2020-11-14T13:49:54","modified_gmt":"2020-11-14T13:49:54","slug":"sekretariat","status":"publish","type":"page","link":"https:\/\/www.14aug.dk\/?page_id=26","title":{"rendered":"Sekretariat"},"content":{"rendered":"<p>Sekretariatet er foreningens daglige kontakt til medlemmerne.<br \/>Ole Larsen har siden 1984 v\u00e6ret foreningens sekret\u00e6r, og v\u00e6ret med n\u00e6sten siden foreningens start i 1965.\u00a0 \u00a0\u00a0<\/p>\n<p>Sekretariatet varetager foreningens medlemskartotek og \u00f8konomi og\u00a0st\u00e5r for udsendelse af invitationer til arrangementer samt koordinering af de \u00e5rlige udstillinger af indk\u00f8bene.<\/p>\n<p><img loading=\"lazy\" decoding=\"async\" class=\"alignleft wp-image-1759\" src=\"http:\/\/www.14aug.dk\/wp-content\/uploads\/2019\/08\/Portrait-Ole-Rorvig-4.8.2019-3-436x1024.jpg\" alt=\"\" width=\"133\" height=\"312\" srcset=\"https:\/\/www.14aug.dk\/wp-content\/uploads\/2019\/08\/Portrait-Ole-Rorvig-4.8.2019-3-436x1024.jpg 436w, https:\/\/www.14aug.dk\/wp-content\/uploads\/2019\/08\/Portrait-Ole-Rorvig-4.8.2019-3-128x300.jpg 128w, https:\/\/www.14aug.dk\/wp-content\/uploads\/2019\/08\/Portrait-Ole-Rorvig-4.8.2019-3.jpg 597w\" sizes=\"(max-width: 133px) 100vw, 133px\" \/><\/p>\n<p>\u00a0<\/p>\n\n\n<p><\/p>\n","protected":false},"excerpt":{"rendered":"<p>Sekretariatet er foreningens daglige kontakt til medlemmerne.Ole Larsen har siden 1984 v\u00e6ret foreningens sekret\u00e6r, og v\u00e6ret med n\u00e6sten siden foreningens start i 1965.\u00a0 \u00a0\u00a0 Sekretariatet varetager foreningens medlemskartotek og \u00f8konomi og\u00a0st\u00e5r for udsendelse af invitationer til arrangementer samt koordinering af de \u00e5rlige udstillinger af indk\u00f8bene. \u00a0<\/p>\n","protected":false},"author":1,"featured_media":1759,"parent":18,"menu_order":0,"comment_status":"closed","ping_status":"closed","template":"","meta":{"footnotes":""},"_links":{"self":[{"href":"https:\/\/www.14aug.dk\/index.php?rest_route=\/wp\/v2\/pages\/26"}],"collection":[{"href":"https:\/\/www.14aug.dk\/index.php?rest_route=\/wp\/v2\/pages"}],"about":[{"href":"https:\/\/www.14aug.dk\/index.php?rest_route=\/wp\/v2\/types\/page"}],"author":[{"embeddable":true,"href":"https:\/\/www.14aug.dk\/index.php?rest_route=\/wp\/v2\/users\/1"}],"replies":[{"embeddable":true,"href":"https:\/\/www.14aug.dk\/index.php?rest_route=%2Fwp%2Fv2%2Fcomments&post=26"}],"version-history":[{"count":9,"href":"https:\/\/www.14aug.dk\/index.php?rest_route=\/wp\/v2\/pages\/26\/revisions"}],"predecessor-version":[{"id":1832,"href":"https:\/\/www.14aug.dk\/index.php?rest_route=\/wp\/v2\/pages\/26\/revisions\/1832"}],"up":[{"embeddable":true,"href":"https:\/\/www.14aug.dk\/index.php?rest_route=\/wp\/v2\/pages\/18"}],"wp:featuredmedia":[{"embeddable":true,"href":"https:\/\/www.14aug.dk\/index.php?rest_route=\/wp\/v2\/media\/1759"}],"wp:attachment":[{"href":"https:\/\/www.14aug.dk\/index.php?rest_route=%2Fwp%2Fv2%2Fmedia&parent=26"}],"curies":[{"name":"wp","href":"https:\/\/api.w.org\/{rel}","templated":true}]}}