{"id":1312,"date":"2015-08-21T05:18:48","date_gmt":"2015-08-21T05:18:48","guid":{"rendered":"http:\/\/14aug.dk\/?page_id=1312"},"modified":"2021-07-02T13:05:12","modified_gmt":"2021-07-02T13:05:12","slug":"50-aars-jubilaeum","status":"publish","type":"page","link":"https:\/\/www.14aug.dk\/?page_id=1312","title":{"rendered":"50 \u00e5rs jubil\u00e6um"},"content":{"rendered":"<p>I 2015 fejrede foreningen sit 50.\u00e5r jubil\u00e6um. Jubil\u00e6et blev afholdt i m\u00f8belhuset PAUSTIAN, hvor vi havde arrangeret en s\u00e6r udstilling af kunstnere vi gennem tiden havde indk\u00f8bt v\u00e6rker af, afholdt et sp\u00e6ndende debatm\u00f8de om kunsth\u00e5ndv\u00e6rkets situation anno 2015 samt naturligvis foreningen \u00e5rlige indk\u00f8b til udlodning til medlemmerne. Dagen blev afsluttet med en festlig banket med deltagelse af ca. 120 medlemmer.<\/p>\n<div id=\"attachment_1296\" style=\"width: 232px\" class=\"wp-caption alignleft\"><a href=\"http:\/\/www.14aug.dk\/wp-content\/uploads\/2014\/04\/IMG_8933.jpg\" rel=\"attachment wp-att-1296\"><img loading=\"lazy\" decoding=\"async\" aria-describedby=\"caption-attachment-1296\" class=\" wp-image-1296\" src=\"http:\/\/www.14aug.dk\/wp-content\/uploads\/2014\/04\/IMG_8933-300x225.jpg\" alt=\"M\u00f8belhuset PAUSTIAN\" width=\"222\" height=\"166\" srcset=\"https:\/\/www.14aug.dk\/wp-content\/uploads\/2014\/04\/IMG_8933-300x225.jpg 300w, https:\/\/www.14aug.dk\/wp-content\/uploads\/2014\/04\/IMG_8933-1024x768.jpg 1024w\" sizes=\"(max-width: 222px) 100vw, 222px\" \/><\/a><p id=\"caption-attachment-1296\" class=\"wp-caption-text\">M\u00f8belhuset PAUSTIAN<\/p><\/div>\n<div id=\"attachment_1332\" style=\"width: 234px\" class=\"wp-caption alignleft\"><a href=\"http:\/\/www.14aug.dk\/wp-content\/uploads\/2015\/08\/IMG_9203.jpg\" rel=\"attachment wp-att-1332\"><img loading=\"lazy\" decoding=\"async\" aria-describedby=\"caption-attachment-1332\" class=\" wp-image-1332\" src=\"http:\/\/www.14aug.dk\/wp-content\/uploads\/2015\/08\/IMG_9203-300x225.jpg\" alt=\"Udstilling af \u00e5rets indk\u00f8b 2015\" width=\"224\" height=\"168\" srcset=\"https:\/\/www.14aug.dk\/wp-content\/uploads\/2015\/08\/IMG_9203-300x225.jpg 300w, https:\/\/www.14aug.dk\/wp-content\/uploads\/2015\/08\/IMG_9203.jpg 1024w\" sizes=\"(max-width: 224px) 100vw, 224px\" \/><\/a><p id=\"caption-attachment-1332\" class=\"wp-caption-text\">Udstilling af \u00e5rets indk\u00f8b 2015<\/p><\/div>\n<p><a href=\"http:\/\/www.14aug.dk\/wp-content\/uploads\/2015\/08\/IMG_91721.jpg\" rel=\"attachment wp-att-1326\"><img loading=\"lazy\" decoding=\"async\" class=\" wp-image-1326\" src=\"http:\/\/www.14aug.dk\/wp-content\/uploads\/2015\/08\/IMG_91721-300x225.jpg\" alt=\"S\u00e6rudstilling - Keramiker Steen Ipsen\" width=\"220\" height=\"165\" srcset=\"https:\/\/www.14aug.dk\/wp-content\/uploads\/2015\/08\/IMG_91721-300x225.jpg 300w, https:\/\/www.14aug.dk\/wp-content\/uploads\/2015\/08\/IMG_91721-1024x768.jpg 1024w\" sizes=\"(max-width: 220px) 100vw, 220px\" \/><\/a><\/p>\n<p>S\u00e6rudstilling &#8211; Keramiker Steen Ipsen<\/p>\n<div id=\"attachment_1324\" style=\"width: 310px\" class=\"wp-caption alignleft\"><a href=\"http:\/\/www.14aug.dk\/wp-content\/uploads\/2015\/08\/IMG_9169.jpg\" rel=\"attachment wp-att-1324\"><img loading=\"lazy\" decoding=\"async\" aria-describedby=\"caption-attachment-1324\" class=\"size-medium wp-image-1324\" src=\"http:\/\/www.14aug.dk\/wp-content\/uploads\/2015\/08\/IMG_9169-300x150.jpg\" alt=\"S\u00e6rudstilling Glaskunstner Lene B\u00f8dker\" width=\"300\" height=\"150\" srcset=\"https:\/\/www.14aug.dk\/wp-content\/uploads\/2015\/08\/IMG_9169-300x150.jpg 300w, https:\/\/www.14aug.dk\/wp-content\/uploads\/2015\/08\/IMG_9169-1024x514.jpg 1024w\" sizes=\"(max-width: 300px) 100vw, 300px\" \/><\/a><p id=\"caption-attachment-1324\" class=\"wp-caption-text\">S\u00e6rudstilling Glaskunstner Lene B\u00f8dker<\/p><\/div>\n<p><a href=\"http:\/\/www.14aug.dk\/wp-content\/uploads\/2015\/08\/IMG_9018.jpg\" rel=\"attachment wp-att-1322\"><img loading=\"lazy\" decoding=\"async\" class=\"size-medium wp-image-1322\" src=\"http:\/\/www.14aug.dk\/wp-content\/uploads\/2015\/08\/IMG_9018-238x300.jpg\" alt=\"Ordstyrer ved paneldebatten Adrian Lloyd Hughes\" width=\"238\" height=\"300\" srcset=\"https:\/\/www.14aug.dk\/wp-content\/uploads\/2015\/08\/IMG_9018-238x300.jpg 238w, https:\/\/www.14aug.dk\/wp-content\/uploads\/2015\/08\/IMG_9018-812x1024.jpg 812w\" sizes=\"(max-width: 238px) 100vw, 238px\" \/><\/a><\/p>\n<p>Ordstyrer ved paneldebatten Adrian Lloyd Hughes<\/p>\n<p>Formandens tale samt f\u00f8rste del af paneldiskussion om kunsth\u00e5ndv\u00e6rk (uredigeret)<\/p>\n<div style=\"width: 480px;\" class=\"wp-video\"><!--[if lt IE 9]><script>document.createElement('video');<\/script><![endif]-->\n<video class=\"wp-video-shortcode\" id=\"video-1312-1\" width=\"480\" height=\"384\" preload=\"metadata\" controls=\"controls\"><source type=\"video\/mp4\" src=\"http:\/\/14aug.dk\/wp-content\/uploads\/2015\/08\/14aug_pt_1-480.mp4?_=1\" \/><a href=\"http:\/\/14aug.dk\/wp-content\/uploads\/2015\/08\/14aug_pt_1-480.mp4\">http:\/\/14aug.dk\/wp-content\/uploads\/2015\/08\/14aug_pt_1-480.mp4<\/a><\/video><\/div>\n<p>Paneldiskussion, del 2 (uredigeret)<\/p>\n<div style=\"width: 480px;\" class=\"wp-video\"><video class=\"wp-video-shortcode\" id=\"video-1312-2\" width=\"480\" height=\"384\" preload=\"metadata\" controls=\"controls\"><source type=\"video\/mp4\" src=\"http:\/\/14aug.dk\/wp-content\/uploads\/2015\/08\/14aug_pt_2-480.mp4?_=2\" \/><a href=\"http:\/\/14aug.dk\/wp-content\/uploads\/2015\/08\/14aug_pt_2-480.mp4\">http:\/\/14aug.dk\/wp-content\/uploads\/2015\/08\/14aug_pt_2-480.mp4<\/a><\/video><\/div>\n","protected":false},"excerpt":{"rendered":"<p>I 2015 fejrede foreningen sit 50.\u00e5r jubil\u00e6um. Jubil\u00e6et blev afholdt i m\u00f8belhuset PAUSTIAN, hvor vi havde arrangeret en s\u00e6r udstilling af kunstnere vi gennem tiden havde indk\u00f8bt v\u00e6rker af, afholdt et sp\u00e6ndende debatm\u00f8de om kunsth\u00e5ndv\u00e6rkets situation anno 2015 samt naturligvis foreningen \u00e5rlige indk\u00f8b til udlodning til medlemmerne. Dagen blev afsluttet med en festlig banket med <a class=\"read-more\" href=\"https:\/\/www.14aug.dk\/?page_id=1312\">[&#8230;]<\/a><\/p>\n","protected":false},"author":1,"featured_media":1320,"parent":0,"menu_order":0,"comment_status":"closed","ping_status":"closed","template":"","meta":{"footnotes":""},"_links":{"self":[{"href":"https:\/\/www.14aug.dk\/index.php?rest_route=\/wp\/v2\/pages\/1312"}],"collection":[{"href":"https:\/\/www.14aug.dk\/index.php?rest_route=\/wp\/v2\/pages"}],"about":[{"href":"https:\/\/www.14aug.dk\/index.php?rest_route=\/wp\/v2\/types\/page"}],"author":[{"embeddable":true,"href":"https:\/\/www.14aug.dk\/index.php?rest_route=\/wp\/v2\/users\/1"}],"replies":[{"embeddable":true,"href":"https:\/\/www.14aug.dk\/index.php?rest_route=%2Fwp%2Fv2%2Fcomments&post=1312"}],"version-history":[{"count":14,"href":"https:\/\/www.14aug.dk\/index.php?rest_route=\/wp\/v2\/pages\/1312\/revisions"}],"predecessor-version":[{"id":1914,"href":"https:\/\/www.14aug.dk\/index.php?rest_route=\/wp\/v2\/pages\/1312\/revisions\/1914"}],"wp:featuredmedia":[{"embeddable":true,"href":"https:\/\/www.14aug.dk\/index.php?rest_route=\/wp\/v2\/media\/1320"}],"wp:attachment":[{"href":"https:\/\/www.14aug.dk\/index.php?rest_route=%2Fwp%2Fv2%2Fmedia&parent=1312"}],"curies":[{"name":"wp","href":"https:\/\/api.w.org\/{rel}","templated":true}]}}

50 års jubilæum

<p>I 2015 fejrede foreningen sit 50.år jubilæum. Jubilæet blev afholdt i møbelhuset PAUSTIAN, hvor vi havde arrangeret en sær udstilling af kunstnere vi gennem tiden havde indkøbt værker af, afholdt et spændende debatmøde om kunsthåndværkets situation anno 2015 samt naturligvis foreningen årlige indkøb til udlodning til medlemmerne. Dagen blev afsluttet med en festlig banket med deltagelse af ca. 120 medlemmer.</p>
<div id="attachment_1296" style="width: 232px" class="wp-caption alignleft"><a href="http://www.14aug.dk/wp-content/uploads/2014/04/IMG_8933.jpg" rel="attachment wp-att-1296"><img loading="lazy" decoding="async" aria-describedby="caption-attachment-1296" class=" wp-image-1296" src="http://www.14aug.dk/wp-content/uploads/2014/04/IMG_8933-300x225.jpg" alt="Møbelhuset PAUSTIAN" width="222" height="166" srcset="https://www.14aug.dk/wp-content/uploads/2014/04/IMG_8933-300x225.jpg 300w, https://www.14aug.dk/wp-content/uploads/2014/04/IMG_8933-1024x768.jpg 1024w" sizes="(max-width: 222px) 100vw, 222px" /></a><p id="caption-attachment-1296" class="wp-caption-text">Møbelhuset PAUSTIAN</p></div>
<div id="attachment_1332" style="width: 234px" class="wp-caption alignleft"><a href="http://www.14aug.dk/wp-content/uploads/2015/08/IMG_9203.jpg" rel="attachment wp-att-1332"><img loading="lazy" decoding="async" aria-describedby="caption-attachment-1332" class=" wp-image-1332" src="http://www.14aug.dk/wp-content/uploads/2015/08/IMG_9203-300x225.jpg" alt="Udstilling af årets indkøb 2015" width="224" height="168" srcset="https://www.14aug.dk/wp-content/uploads/2015/08/IMG_9203-300x225.jpg 300w, https://www.14aug.dk/wp-content/uploads/2015/08/IMG_9203.jpg 1024w" sizes="(max-width: 224px) 100vw, 224px" /></a><p id="caption-attachment-1332" class="wp-caption-text">Udstilling af årets indkøb 2015</p></div>
<p><a href="http://www.14aug.dk/wp-content/uploads/2015/08/IMG_91721.jpg" rel="attachment wp-att-1326"><img loading="lazy" decoding="async" class=" wp-image-1326" src="http://www.14aug.dk/wp-content/uploads/2015/08/IMG_91721-300x225.jpg" alt="Særudstilling - Keramiker Steen Ipsen" width="220" height="165" srcset="https://www.14aug.dk/wp-content/uploads/2015/08/IMG_91721-300x225.jpg 300w, https://www.14aug.dk/wp-content/uploads/2015/08/IMG_91721-1024x768.jpg 1024w" sizes="(max-width: 220px) 100vw, 220px" /></a></p>
<p>Særudstilling &#8211; Keramiker Steen Ipsen</p>
<div id="attachment_1324" style="width: 310px" class="wp-caption alignleft"><a href="http://www.14aug.dk/wp-content/uploads/2015/08/IMG_9169.jpg" rel="attachment wp-att-1324"><img loading="lazy" decoding="async" aria-describedby="caption-attachment-1324" class="size-medium wp-image-1324" src="http://www.14aug.dk/wp-content/uploads/2015/08/IMG_9169-300x150.jpg" alt="Særudstilling Glaskunstner Lene Bødker" width="300" height="150" srcset="https://www.14aug.dk/wp-content/uploads/2015/08/IMG_9169-300x150.jpg 300w, https://www.14aug.dk/wp-content/uploads/2015/08/IMG_9169-1024x514.jpg 1024w" sizes="(max-width: 300px) 100vw, 300px" /></a><p id="caption-attachment-1324" class="wp-caption-text">Særudstilling Glaskunstner Lene Bødker</p></div>
<p><a href="http://www.14aug.dk/wp-content/uploads/2015/08/IMG_9018.jpg" rel="attachment wp-att-1322"><img loading="lazy" decoding="async" class="size-medium wp-image-1322" src="http://www.14aug.dk/wp-content/uploads/2015/08/IMG_9018-238x300.jpg" alt="Ordstyrer ved paneldebatten Adrian Lloyd Hughes" width="238" height="300" srcset="https://www.14aug.dk/wp-content/uploads/2015/08/IMG_9018-238x300.jpg 238w, https://www.14aug.dk/wp-content/uploads/2015/08/IMG_9018-812x1024.jpg 812w" sizes="(max-width: 238px) 100vw, 238px" /></a></p>
<p>Ordstyrer ved paneldebatten Adrian Lloyd Hughes</p>
<p>Formandens tale samt første del af paneldiskussion om kunsthåndværk (uredigeret)</p>
<div style="width: 480px;" class="wp-video"><!--[if lt IE 9]><script>document.createElement('video');</script><![endif]-->
<video class="wp-video-shortcode" id="video-1312-1" width="480" height="384" preload="metadata" controls="controls"><source type="video/mp4" src="http://14aug.dk/wp-content/uploads/2015/08/14aug_pt_1-480.mp4?_=1" /><a href="http://14aug.dk/wp-content/uploads/2015/08/14aug_pt_1-480.mp4">http://14aug.dk/wp-content/uploads/2015/08/14aug_pt_1-480.mp4</a></video></div>
<p>Paneldiskussion, del 2 (uredigeret)</p>
<div style="width: 480px;" class="wp-video"><video class="wp-video-shortcode" id="video-1312-2" width="480" height="384" preload="metadata" controls="controls"><source type="video/mp4" src="http://14aug.dk/wp-content/uploads/2015/08/14aug_pt_2-480.mp4?_=2" /><a href="http://14aug.dk/wp-content/uploads/2015/08/14aug_pt_2-480.mp4">http://14aug.dk/wp-content/uploads/2015/08/14aug_pt_2-480.mp4</a></video></div>

<p>I 2015 fejrede foreningen sit 50.år jubilæum. Jubilæet blev afholdt i møbelhuset PAUSTIAN, hvor vi havde arrangeret en sær udstilling af kunstnere vi gennem tiden havde indkøbt værker af, afholdt et spændende debatmøde om kunsthåndværkets situation anno 2015 samt naturligvis foreningen årlige indkøb til udlodning til medlemmerne. Dagen blev afsluttet med en festlig banket med <a class="read-more" href="https://www.14aug.dk/?page_id=1312">[&#8230;]</a></p>
